be (-2)/6*(13 - 673)/4. Suppose 0 = -5*f + 29 + 81. What is the highest common factor of f and t?
11
Suppose 306 = 4*h - 14. Let a be 4/(-16) + 2/(32/52). Suppose 6*y - 48 = a*y. What is the highest common factor of y and h?
16
Let i(w) = 3*w + 16. Let n be i(-2). What is the greatest common divisor of n and 190?
10
Let g = 372 + -256. Let t = g - 66. What is the greatest common divisor of t and 125?
25
Let c(k) be the second derivative of 3*k**4 - k**3 - 3*k**2 - 23*k. Let w be c(-2). What is the highest common factor of 6 and w?
6
Let w = -48 - -120. Suppose 2*q - 36 = -0. What is the greatest common divisor of q and w?
18
Let m(f) = -7*f - 45. Let k be m(-7). Suppose -7*q + k*q + 150 = 0. What is the highest common factor of q and 10?
10
Let a be (1 + 6/(-18))/(2/93). What is the highest common factor of a and 434?
31
Let k(p) = p**3 - 46*p**2 + 6*p + 46. Let w be k(46). Calculate the greatest common factor of w and 138.
46
Let g be 1/(-6) + 179/(-6). Let u be (g/(-1))/((-6)/(-24)*8). Suppose 0 = c - 3 - 2. Calculate the greatest common divisor of c and u.
5
Let x = -260 - -288. Calculate the greatest common divisor of 112 and x.
28
Suppose -75*r = -44*r - 8091. What is the greatest common factor of 9 and r?
9
Suppose -3*x = 5*n - x - 27, -3*n = 2*x - 17. Suppose -v - 18 = -n. Let c = v - -21. Calculate the greatest common factor of 2 and c.
2
Let u = 810 + -433. What is the greatest common factor of 39 and u?
13
Let d(h) = h**3 - 36*h**2 - 28*h + 27. Let v be d(37). Suppose -2*f + 16 + 56 = 0. Calculate the greatest common factor of v and f.
36
Let v = -237 + 267. What is the highest common divisor of v and 690?
30
Let o = 24 - -72. Suppose 6*u = -0*u + o. What is the highest common divisor of 32 and u?
16
Let y(t) = t**3 - 36*t**2 + 35*t + 80. Let i be y(35). What is the highest common factor of 5 and i?
5
Let r(x) be the third derivative of x**6/120 - 2*x**5/15 - x**4/6 + 5*x**3/6 + 3*x**2. Let i be r(11). Calculate the greatest common divisor of 27 and i.
27
Let n(x) = 15*x - 158. Let t be n(15). Calculate the greatest common factor of t and 737.
67
Suppose 0 = -5*t - 6 + 11. Calculate the greatest common factor of t and 64.
1
Let h(b) = 4*b + 3. Let k be h(0). Suppose 0 = k*y - 15, -p + 81 - 18 = 3*y. What is the highest common factor of p and 18?
6
Let w(u) = 2*u**2 + u - 7. Let b be w(5). Let q = 30 - b. Let d be (3/6 + -1)*q. Calculate the highest common divisor of d and 45.
9
Let g be (-42)/(-9)*(1 + 11). Let c be 1836/270 + (-1)/(-5). Calculate the highest common divisor of c and g.
7
Let t = 256 + -201. What is the greatest common divisor of 55 and t?
55
Let s be (4/(-6))/((-2)/6). Let m be (0 - 62/(-4))*s. What is the highest common factor of m and 341?
31
Suppose 2*c - 104 = -2*c. Let a be 130/((-4)/4 - -3). Calculate the greatest common factor of a and c.
13
Suppose 135439 = 97*c + 3131. Calculate the greatest common divisor of 44 and c.
44
Let n be (-1)/(-3) + 48/18. Suppose -5*k - 2*i + 26 = 0, 5*k + n*i - 6 = 3*k. Suppose -h - 75 = -k*h. Calculate the highest common divisor of 3 and h.
3
Let d = 17 + -15. Let l be (-136)/6*(-3)/d. Let w = 136 + -51. What is the greatest common divisor of l and w?
17
Let t = -64 - -70. Suppose 13*l - t*l - 28 = 0. What is the greatest common factor of 2 and l?
2
Let x = 6 - 6. Suppose -m = 4*z + 2, 2*m + 4*z = -x*z + 12. Let k = m + 10. What is the greatest common factor of 12 and k?
12
Suppose 14*t - 16*t + 188 = 5*q, 2*t - 36 = -q. What is the highest common divisor of 1178 and q?
38
Let h be (888/48)/(2/68). What is the greatest common factor of h and 37?
37
Let r(c) = -4 - 2*c**2 + c**2 + 7 - 6*c. Let p be r(-3). Let k be 0 - -4 - (-1 - -3 - 82). Calculate the greatest common divisor of p and k.
12
Let a be (-3050)/(-40) + (-6)/(-8). Calculate the highest common factor of 28 and a.
7
Suppose -45 = 2*a + 4*j - 9, 0 = -5*a + 2*j - 126. Let z be 6*30/a*(-8)/6. Calculate the highest common factor of 5 and z.
5
Suppose 6*x - 2*x + 64 = 4*b, 3*x = b - 6. Let t be (12/42)/(3/b). Calculate the highest common divisor of 16 and t.
2
Let c = 827 + -554. Suppose 0 = -5*h, 3*h + c = -3*a + 678. What is the highest common divisor of 15 and a?
15
Let m(x) = -20*x - 9. Let c(l) = 21*l**2 - 2*l - 2. Let b be c(-1). Let y = -24 + b. Let k be m(y). Calculate the greatest common divisor of k and 17.
17
Suppose 6*b = 3*b + 6. Suppose b*f = -2*t + 66, 0*t = -3*t - f + 97. Suppose -x + 11 + 5 = -4*u, -4*x = u - 64. What is the highest common divisor of t and x?
16
Let x = -4 - -8. Suppose 12 = 3*n, 242 = 5*m - 3*n + 6*n. Suppose -3*v = -x*y - y - m, 5*v - 58 = -y. Calculate the greatest common factor of v and 120.
12
Let k(y) = -y - 10. Let s be k(-13). Suppose -5 = 5*g - 4*g + 3*w, -g = 5*w + 9. What is the highest common factor of g and s?
1
Suppose -60 = y + 5*h, 2*y + 120 = -0*y + 5*h. Let z = -48 - y. Calculate the highest common factor of z and 36.
12
Suppose 0 = -102*z + 89*z + 4992. What is the greatest common divisor of 48 and z?
48
Let c = -1152 + 1638. Let p be ((-16)/6 - -3)/(2/c). Calculate the greatest common factor of p and 27.
27
Let u be ((-3 - -318)/5)/((-9)/(-6)). What is the greatest common divisor of 896 and u?
14
Suppose 30*p + 816 = 32*p. What is the highest common factor of p and 24?
24
Suppose 2*v - 50 = -20. Suppose -6*i = -7*i + 4. Suppose 475 = 4*x + s, 2*s = -i*x + 197 + 273. What is the greatest common divisor of x and v?
15
Let p be ((-242)/8)/(3/(-12)). Let h = -27 + 60. Suppose 2*z = -z + h. What is the greatest common divisor of z and p?
11
Let i = -52 - -106. Suppose i = -2*k + 8*k. Let b be k/18 - (-30)/4. What is the highest common factor of 4 and b?
4
Suppose -35*h - 3*h + 18354 = 0. Calculate the greatest common factor of 207 and h.
69
Suppose 0 = -2*h + 3*k + 77, 4*k + 90 + 85 = 5*h. Let n(b) = b**2 - 7*b + 13. Let q = -1 - -10. Let v be n(q). What is the highest common factor of v and h?
31
Let g = -104 - -121. Suppose 5*v + 48 = g*v. Calculate the highest common factor of 52 and v.
4
Let m(n) = -16*n + 4. Let q be m(-6). Let c be (-12)/4 + 3 + 4. Suppose -3*a - c*f + 143 = 15, 2*a - 90 = -5*f. What is the greatest common divisor of q and a?
20
Suppose -4 = -2*g + 2*u, 4*g + 3*u + u = 8. Suppose -g*m + 1 = -107. What is the greatest common factor of m and 36?
18
Suppose -29 = -5*l - 4*f + 59, -2*f = 5*l - 94. Suppose 1961 + 1459 = 57*j. Calculate the greatest common divisor of l and j.
20
Let t(p) = -p**2 - 28*p + 229. Let d be t(-34). What is the highest common divisor of 550 and d?
25
Let k be 5 + 41/(-8) - (-2191)/56. Suppose 2*s - s - 39 = 0. Calculate the highest common divisor of k and s.
39
Let q(n) = -n**2 + 8*n - 12. Let a be q(5). Suppose 87 - 12 = a*v. What is the greatest common divisor of 5 and v?
5
Let w be (-1)/4 + -1*(-4010)/40. Calculate the greatest common divisor of 4 and w.
4
Suppose -k + 11 = 3*m, 5*k - 2*m + 7*m - 65 = 0. Let u(z) = z**3 - 15*z**2 + 15*z - 11. Let p be u(k). Calculate the greatest common factor of 15 and p.
3
Let q(t) = -t**3 - 4*t**2 - 7*t - 10. Let f be q(-3). Suppose 2*c - 28 = 3*r - 0*r, -5*c + f*r = -70. What is the highest common divisor of c and 91?
7
Let o(v) = v**3 - 2*v**2 + 6*v - 57. Let g be o(5). Calculate the highest common divisor of g and 156.
12
Let p(v) = 291*v + 2623. Let u be p(-9). Suppose -4*h + 10 = 4*b - 62, b + 82 = 4*h. What is the greatest common factor of h and u?
4
Let z(i) = i**2 - 13*i + 6. Let a be z(10). Let m be (a/(-10))/(4/10). Suppose d - m = 8. Calculate the greatest common factor of d and 21.
7
Let g = 203 - 19. Calculate the greatest common factor of g and 8.
8
Let b = -34 - -47. Let o be (-465)/(-9) + 2/6. Calculate the greatest common factor of o and b.
13
Suppose 10*z = 6*z - 36. Let c be (-30)/(-4)*(z + -7). Let v be (-1 + -4)*c/75. Calculate the greatest common divisor of 2 and v.
2
Let v = -1617 + 2436. What is the highest common divisor of v and 27?
9
Suppose 1540 = 6*q - 4*q. Suppose q = z + 10*z. What is the highest common factor of 20 and z?
10
Let r(p) = p**2 + 10*p + 2. Let k be r(-4). Let n = k - -37. Let c = -67 + 127. What is the greatest common divisor of c and n?
15
Let f(j) = 0*j + j**3 + 83*j**2 - 2*j - 10 - 76*j**2. Let a be f(-7). Suppose s = a*s - 357. Calculate the